3 - -1) prime?
True
Let w(q) = 8*q - 44*q + 9*q - 34*q + 12. Let b be w(6). Let t = b + 681. Is t prime?
False
Let x(g) = g**3 - 13*g**2 + 34*g + 30. Let d be x(15). Let n = 359 + d. Is n composite?
True
Suppose 980*f - 11204985 = 815*f. Is f composite?
True
Let a be 30/(-135) - (47/(-9) - -3). Suppose 0 = a*n - 5*n + 4*o + 19669, 3*n + o = 19694. Is n a composite number?
False
Let t(w) = -w**3 + 2*w**2 + w + 2. Let o be t(0). Let r(u) = 146*u + 8. Let d be r(o). Suppose d = 5*h - 85. Is h composite?
True
Suppose 5*m + 321*g - 907651 = 325*g, 2*g = -m + 181519. Is m prime?
False
Suppose -3*u - 35 + 5 = -5*g, 0 = -u + 2*g - 10. Let a(s) = -s**3 - 9*s**2 + 10*s - 3. Let f be a(u). Is 751*(f - -3 - -1) a prime number?
True
Suppose -1049*c + 8112364 = -997*c. Is c prime?
True
Is ((-206573652)/405)/((-4)/5) a prime number?
True
Let x(l) = 100*l**2 - 16*l + 781. Is x(79) a composite number?
False
Suppose 198*t + 6 = 201*t. Suppose 11*z - 10555 = -t*q + 8*z, -15810 = -3*q + 3*z. Is q a prime number?
True
Let a be (20/5)/(8/6). Suppose -f = 3*l - 5*l - 3, l + a = f. Suppose 4*v - 747 - 313 = l. Is v prime?
False
Let i(r) = -r**2 - 7*r + 3. Let v be i(-6). Suppose -3*j = v*j - 85380. Is j a composite number?
True
Let d be ((-1)/1)/(-3) + (-894894)/(-63). Is d/10*(3/1 - 1) a prime number?
False
Suppose 8*r - 1152439 - 971771 = 1541798. Is r a composite number?
True
Suppose 181*u = 23686148 - 9095919. Is u prime?
False
Let b = -6904 - -16430. Suppose i - b = z, -4*i = -3*z + 8*z - 38131. Is i prime?
False
Suppose 4*l + 1240089 = 5*b, 5*l - 14 = 6. Is b a composite number?
False
Let m = -11473 - -38142. Is m a prime number?
True
Let h(b) = -5470*b**3 + 4*b**2 + 16*b + 35. Is h(-3) composite?
True
Suppose -12 = -p - 9. Suppose 0 = 5*y + p*q - 7808, 3*q + 639 + 919 = y. Suppose 57*f = 58*f - y. Is f a prime number?
False
Let h(p) = p**3 - 10*p**2 + 5*p - 24. Let b be h(10). Suppose n = 6*l - l - 37, -b = -4*l + 2*n. Is l/(-5) - (-22)/(-55) - -3493 prime?
True
Let c(k) = -1707*k + 45. Let t be c(6). Let y = -6058 - t. Is y a prime number?
True
Suppose -52*g = 974851 - 11359065 - 42601134. Is g composite?
False
Suppose -38*r - 5*r = -34*r - 45405. Is r prime?
False
Let a = 45 + -29. Suppose -a*d = -18*d. Suppose d = -v + 11*v - 10490. Is v a composite number?
False
Is (6 + (-6 - -1))/(1/132329) composite?
False
Is (10/(-5))/(22/(-489929)) a prime number?
False
Suppose -m - 3*r = -2*r - 124, 3*m = -2*r + 374. Let h = m - 129. Is (6/h)/((-5)/6245) prime?
False
Let s(k) = k**2 - 9*k + 18. Let i be s(6). Suppose i = -0*h - 5*h - 3810. Is (4/(-2))/(-2 - 1520/h) a composite number?
True
Let k(o) = 11*o**2 - 6*o - 1. Let d = -7 + 9. Let q be 268/22 - d/11. Is k(q) a prime number?
True
Let h(c) = 2599*c**2 - 230*c - 1918. Is h(-9) a composite number?
False
Is (-501484)/(-2)*(-14 + (-870)/(-60)) a composite number?
False
Suppose -153*g + 149*g + 38416 = 0. Suppose -12*s + 30928 = g. Is s a prime number?
True
Suppose -4*a - 859 = -12247. Suppose 6*p - 2*p + a = 5*h, 2 = p. Is 3 + h + (4 - 7) a composite number?
False
Let u(p) = -54*p**2 - 6*p + 53. Let o(s) = 160*s**2 + 18*s - 159. Let f(h) = -2*o(h) - 7*u(h). Is f(-19) prime?
True
Suppose -w = -3*w + 5*k + 30, 0 = -4*k - 16. Suppose 3*n - w*h = n - 15, h + 20 = 5*n. Suppose 4*v + b - 1081 = 2*v, 3*v - n*b = 1628. Is v a prime number?
True
Let l(p) = p**2 - 4*p - 1. Let b be l(5). Let u(m) = 2*m - 8. Let c be u(b). Suppose c = -3*t + 9*t - 1146. Is t prime?
True
Suppose -2*f = -5*r - 4*f + 50, 0 = r + 3*f - 23. Suppose -5*h + 3*q = -4552, -12*q + 4 = -r*q. Is h a prime number?
True
Suppose -100*t = -21136184 - 54268916. Is t a prime number?
False
Let u(c) = 23*c**3 + 34*c**2 - 35*c + 85. Is u(16) prime?
True
Let g = -72474 - -131200. Is g composite?
True
Let z(w) = 4*w**2 - 2*w + 1057. Let j be (-1 - -1)/(2/1). Is z(j) prime?
False
Is (-32)/224*21/(-9) - 76568/(-3) prime?
True
Let w be (2/(-5))/(5/200) - 0. Let n = w + 20. Suppose -4*x + 5*u = -3264, 3*u = n*x - 199 - 3073. Is x composite?
False
Is (5 + -10 - (-1 + -426))*1 a prime number?
False
Let f = 91 + -89. Suppose -f*o + 1454 = 2*v - 6*o, 0 = 3*v + 2*o - 2221. Is v prime?
False
Let o = 12669 - 6997. Let m = o - 493. Is m a prime number?
True
Suppose 10678258 = 134*c + 1416580. Is c a composite number?
True
Let g(s) = -2*s - 11. Let c be g(-11). Suppose -c*i - 3816 = -2*i. Is (i/(-16))/(3/30) composite?
True
Suppose 926870 = -6432*r + 6467*r. Is r prime?
False
Let i be (75/50)/(1/30882). Suppose 26*j = 35*j - i. Is j prime?
True
Let b = -689 + -13. Let y = -257 - b. Is (3 + 1 - 0) + y a composite number?
False
Let u(b) = 42*b**3 - 6*b**2 - 44*b - 103. Is u(12) a prime number?
True
Suppose 0 = -3*f + 4*b + 2303, 4*f - 7*b = -2*b + 3069. Let n = -721 + 1087. Let p = f - n. Is p composite?
True
Let o = 89694 - -359849. Is o prime?
True
Let z(h) = 323*h**2 - 299*h - 1206. Is z(-4) a composite number?
True
Let u(o) = -3355*o - 12651. Is u(-100) prime?
True
Suppose -17 - 18 = -7*k. Is 3/k - (-274638)/195 a prime number?
True
Let f(k) = 7*k + 19. Let n be f(-8). Is n/(4/6 + (-693)/999) a composite number?
True
Suppose -d = -4*v - 20, 2*d + 14 - 4 = -2*v. Suppose 4*q = -d - 20, -3*z = -q - 16793. Is 2*z/(-8)*-1 a composite number?
False
Suppose -87*m = -85*m - 38. Suppose -19 = -n - 5*w, n - 5*n - w = -m. Suppose -2*b - t = -77, 2*b + 74 = n*b + 4*t. Is b a prime number?
False
Let l(m) = 4*m - 16. Suppose 4*x - 9*x = -20. Let g be l(x). Suppose 2*p - 2571 = -5*i, -4*i - i - 3*p + 2569 = g. Is i a composite number?
True
Suppose 2*m - 2*b = 30, -30 = m - 3*m - b. Let a be (-3)/3 + 0 + m. Is (a/21)/(4/3534) composite?
True
Let w(x) = -3*x + 53. Let l be w(-6). Let g = l + 338. Is g composite?
False
Let n(w) = -36*w**3 + 3*w**2 - 61*w + 23. Is n(-11) composite?
False
Let x(y) = 699*y**2 - 112*y - 592. Is x(-5) a prime number?
True
Let r = 34 + -49. Is 367*(-1)/3*r composite?
True
Is 2084/28*(8 - -9778)/6 a composite number?
True
Suppose 3*n + 1085 = 5*h + 8*n, -2*h - 3*n + 432 = 0. Suppose h*j = 221*j - 6098. Is j composite?
False
Suppose -12*u - 90813 = 17823. Is ((6 - 1) + -4 - u) + 5 a composite number?
False
Let w be ((-47)/(-2))/((-1)/2). Let o = 245 + -849. Let x = w - o. Is x prime?
True
Suppose -3*u - 14*u = -33*u + 1929872. Is u composite?
True
Let q(u) = 87*u**3 - 3*u**2 - 4*u - 1. Let x(j) = j**3 + 5*j**2 + 2*j - 4. Let w be x(-4). Suppose 0*c + 5*c - 3 = -3*t, 5*c = w*t + 31. Is q(c) prime?
True
Suppose 199*o - 385695 - 3187748 = 0. Is o prime?
True
Suppose 4*m - 102 = -5*d, -20 = 5*d - 3*m - 101. Suppose -9*w + d*w - 72207 = 0. Is w a prime number?
False
Let z(y) = -y**2 - 43*y + 86. Let g be z(-45). Let x(c) = 110*c**2 - 13*c - 65. Is x(g) prime?
True
Suppose 3*j + 37871 = l, 4*j - l = -42777 - 7717. Let h = 25274 + j. Is h prime?
False
Suppose -24*d + 682 = -22*d. Let t = d - 110. Suppose 0 = -2*y + 2643 + t. Is y prime?
False
Suppose -285 = -11*d - 8*d. Suppose 0 = -d*o + 11*o + 42836. Is o prime?
True
Let o be 16/12*6*(-2)/4. Let a(p) = -6*p - 13. Let h be a(o). Suppose s + 3980 = h*s. Is s composite?
True
Suppose -3*s + 241 = -m, 3*m - 129 = -2*s + 39. Is 8648 - 14/((-126)/s) prime?
False
Let n(g) = 1568*g**2 + 6*g + 25. Let j be n(-3). Suppose j = -6*f + 183025. Is f a composite number?
False
Is 636448/(-48)*(-9)/6 a composite number?
False
Let q be (1657 + 3)/(-4) - -2. Let z = 824 + q. Suppose 5*p - 2*x - 1049 = 0, 3*x + z = 5*p - 635. Is p composite?
False
Suppose -2 = 7*k - 16. Suppose 1347 = 3*f + 4*o, 4*f = 3*f + k*o + 449. Is f a composite number?
False
Let y be 3 - (-2)/4*-2. Suppose 0*x + x - y*g - 16 = 0, -5*g = -3*x + 48. Let v(l) = 12*l + 13. Is v(x) a prime number?
False
Suppose 5 = -m + 8. Suppose -4*h + 280 = -5*x + h, -h + 168 = -m*x. Let v = x + 150. Is v a prime number?
False
Suppose -4*g - g - 5 = 0. Let j(s) = 1. Let h(i) = -234*i + 3. Let v(q) = h(q) - 4*j(q). Is v(g) a composite number?
False
Suppose -3*i - 1 = s, -i = s + 4*s + 5. Suppose 5*t = -q + 33, -77 = -2*q - i*t + t. Suppose 76*p - 74*p - q = 0. Is p prime?
True
Suppose g + 56883 = 4*q, 4*q - 4*g - 13163 = 43717. Is q prime?
True
Let g = -64151 + 120114. Let v = g + -32237. Is v a prime number?
False
Suppose -12*n + 24 = -10*n. Let j(k) = -k**2 + 4*k**2 + 0*k + 8 + n*k. 